{"id":627,"date":"2026-02-02T12:48:29","date_gmt":"2026-02-02T11:48:29","guid":{"rendered":"https:\/\/www.communeoti1.org\/?page_id=627"},"modified":"2026-03-04T10:25:10","modified_gmt":"2026-03-04T09:25:10","slug":"sante","status":"publish","type":"page","link":"https:\/\/www.communeoti1.org\/index.php\/sante\/","title":{"rendered":"Sant\u00e9"},"content":{"rendered":"\t\t<div data-elementor-type=\"wp-page\" data-elementor-id=\"627\" class=\"elementor elementor-627\">\n\t\t\t\t\t\t<section class=\"elementor-section elementor-top-section elementor-element elementor-element-0bf0fbb elementor-section-boxed elementor-section-height-default elementor-section-height-default\" data-id=\"0bf0fbb\" data-element_type=\"section\" data-e-type=\"section\">\n\t\t\t\t\t\t<div class=\"elementor-container elementor-column-gap-default\">\n\t\t\t\t\t<div class=\"elementor-column elementor-col-100 elementor-top-column elementor-element elementor-element-4cd4285\" data-id=\"4cd4285\" data-element_type=\"column\" data-e-type=\"column\">\n\t\t\t<div class=\"elementor-widget-wrap elementor-element-populated\">\n\t\t\t\t\t\t<div class=\"elementor-element elementor-element-df7c9b2 elementor-widget elementor-widget-heading\" data-id=\"df7c9b2\" data-element_type=\"widget\" data-e-type=\"widget\" data-widget_type=\"heading.default\">\n\t\t\t\t<div class=\"elementor-widget-container\">\n\t\t\t\t\t<h2 class=\"elementor-heading-title elementor-size-default\">Couverture du syst\u00e8me sanitaire de la commune de l\u2019Oti 1<\/h2>\t\t\t\t<\/div>\n\t\t\t\t<\/div>\n\t\t\t\t<div class=\"elementor-element elementor-element-381585e elementor-widget elementor-widget-text-editor\" data-id=\"381585e\" data-element_type=\"widget\" data-e-type=\"widget\" data-widget_type=\"text-editor.default\">\n\t\t\t\t<div class=\"elementor-widget-container\">\n\t\t\t\t\t\t\t\t\t<p>Le ratio nombre d\u2019hbts\/h\u00f4pital est de 27\u00a0240. Le ratio USP\/habitants s\u2019\u00e9l\u00e8ve \u00e0 9\u00a0080 habitants pour une USP contre 5000 habitants par USP retenue par la norme nationale. Pour l\u2019ensemble des formations sanitaires de la commune, le ratio est de 6054 habitants par formation sanitaire.<\/p><p>Au total, l\u2019offre sanitaire au niveau de la commune est marqu\u00e9e par la pr\u00e9pond\u00e9rance du secteur public. La r\u00e9partition spatiale des formations sanitaires tant du priv\u00e9 que du public se pr\u00e9sente comme l\u2019indique la carte ci- dessous. Pour ce qui est de l\u2019accessibilit\u00e9, elle s\u2019appr\u00e9cie \u00e0 la lumi\u00e8re des normes nationales.<\/p>\t\t\t\t\t\t\t\t<\/div>\n\t\t\t\t<\/div>\n\t\t\t\t<div class=\"elementor-element elementor-element-059b0f2 elementor-widget elementor-widget-image\" data-id=\"059b0f2\" data-element_type=\"widget\" data-e-type=\"widget\" data-widget_type=\"image.default\">\n\t\t\t\t<div class=\"elementor-widget-container\">\n\t\t\t\t\t\t\t\t\t\t\t\t\t\t\t<img fetchpriority=\"high\" decoding=\"async\" width=\"843\" height=\"637\" src=\"https:\/\/www.communeoti1.org\/wp-content\/uploads\/2026\/03\/Capture-decran-2026-03-04-091950.png\" class=\"attachment-large size-large wp-image-932\" alt=\"\" \/>\t\t\t\t\t\t\t\t\t\t\t\t\t\t\t<\/div>\n\t\t\t\t<\/div>\n\t\t\t\t<div class=\"elementor-element elementor-element-77b676d elementor-widget elementor-widget-text-editor\" data-id=\"77b676d\" data-element_type=\"widget\" data-e-type=\"widget\" data-widget_type=\"text-editor.default\">\n\t\t\t\t<div class=\"elementor-widget-container\">\n\t\t\t\t\t\t\t\t\t<p>La carte ci-dessus pr\u00e9sente la couverture spatiale des centres de sant\u00e9 de la commune de l\u2019Oti 1. Le Rayon Moyen d&rsquo;Action Th\u00e9orique (RMAT) qui est de 5000 m pour les formations sanitaires, montre une couverture sanitaire insuffisante du territoire communal. Cependant on note que la ville de Mango abrite la majorit\u00e9 des infrastructures et formations sanitaires ce qui pose un v\u00e9ritable d\u2019in\u00e9galit\u00e9 territoriale aux soins de sant\u00e9. Contrairement \u00e0 Mango, l\u2019observation de la carte montre que des habitants de plusieurs villages sont contraints de parcourir plus de 5km pour avoir \u00e0 une infrastructure sanitaire de premier contact. L\u2019\u00e9loignement des centres de sant\u00e9 accentue le recours aux d\u00e9coctions et \u00e0 l\u2019autom\u00e9dication chez les populations des villages qui s\u2019y trouvent.<\/p>\t\t\t\t\t\t\t\t<\/div>\n\t\t\t\t<\/div>\n\t\t\t\t\t<\/div>\n\t\t<\/div>\n\t\t\t\t\t<\/div>\n\t\t<\/section>\n\t\t\t\t<\/div>\n\t\t","protected":false},"excerpt":{"rendered":"<p>Couverture du syst\u00e8me sanitaire de la commune de l\u2019Oti 1 Le ratio nombre d\u2019hbts\/h\u00f4pital est de 27\u00a0240. Le ratio USP\/habitants s\u2019\u00e9l\u00e8ve \u00e0 9\u00a0080 habitants pour&hellip;<\/p>\n","protected":false},"author":1,"featured_media":936,"parent":0,"menu_order":0,"comment_status":"closed","ping_status":"closed","template":"","meta":{"footnotes":""},"class_list":["post-627","page","type-page","status-publish","has-post-thumbnail","hentry"],"_links":{"self":[{"href":"https:\/\/www.communeoti1.org\/index.php\/wp-json\/wp\/v2\/pages\/627","targetHints":{"allow":["GET"]}}],"collection":[{"href":"https:\/\/www.communeoti1.org\/index.php\/wp-json\/wp\/v2\/pages"}],"about":[{"href":"https:\/\/www.communeoti1.org\/index.php\/wp-json\/wp\/v2\/types\/page"}],"author":[{"embeddable":true,"href":"https:\/\/www.communeoti1.org\/index.php\/wp-json\/wp\/v2\/users\/1"}],"replies":[{"embeddable":true,"href":"https:\/\/www.communeoti1.org\/index.php\/wp-json\/wp\/v2\/comments?post=627"}],"version-history":[{"count":4,"href":"https:\/\/www.communeoti1.org\/index.php\/wp-json\/wp\/v2\/pages\/627\/revisions"}],"predecessor-version":[{"id":935,"href":"https:\/\/www.communeoti1.org\/index.php\/wp-json\/wp\/v2\/pages\/627\/revisions\/935"}],"wp:featuredmedia":[{"embeddable":true,"href":"https:\/\/www.communeoti1.org\/index.php\/wp-json\/wp\/v2\/media\/936"}],"wp:attachment":[{"href":"https:\/\/www.communeoti1.org\/index.php\/wp-json\/wp\/v2\/media?parent=627"}],"curies":[{"name":"wp","href":"https:\/\/api.w.org\/{rel}","templated":true}]}}