{"id":316,"date":"2018-05-19T04:22:33","date_gmt":"2018-05-19T04:22:33","guid":{"rendered":"https:\/\/customifysites.com\/consulting\/?page_id=316"},"modified":"2026-04-10T18:48:19","modified_gmt":"2026-04-10T16:48:19","slug":"cash-management","status":"publish","type":"page","link":"https:\/\/www.communeoti1.org\/index.php\/cash-management\/","title":{"rendered":"Etat civil"},"content":{"rendered":"<p><strong>D\u00e9couvrez les d\u00e9marches simples pour acc\u00e9der \u00e0 une gamme diversifi\u00e9e de services offerts par la mairie<\/strong><\/p>\n<p>\t\t\t\t\t\t\t\t\t\t\t\t<a tabindex=\"0\">Copie int\u00e9grale de l\u2019acte de naissance<\/a><\/p>\n<p>Il s\u2019agit de la reproduction totale de l\u2019acte de naissance par le service d\u2019\u00e9tat civil en\u00a0cas de perte ou de\u00a0dommage entrainant l\u2019illisibilit\u00e9 de l\u2019acte.<\/p>\n<p><strong>Pi\u00e8ces \u00e0 fournir<\/strong><\/p>\n<p>L\u2019acte de naissance illisible\u00a0en cas de dommage\u00a0ou\u00a0information de l\u2019acte de naissance perdu.<\/p>\n<p>le d\u00e9p\u00f4t Se fait \u00e0 l\u2019\u00e9tat civil de la mairie de Mango<\/p>\n<ul>\n<li data-leveltext=\"-\" data-font=\"Calibri\" data-listid=\"1\" data-list-defn-props=\"{&quot;335551671&quot;:5,&quot;335552541&quot;:1,&quot;335559685&quot;:720,&quot;335559991&quot;:360,&quot;469769226&quot;:&quot;Calibri&quot;,&quot;469769242&quot;:[8226],&quot;469777803&quot;:&quot;left&quot;,&quot;469777804&quot;:&quot;-&quot;,&quot;469777815&quot;:&quot;hybridMultilevel&quot;}\" aria-setsize=\"-1\" data-aria-posinset=\"5\" data-aria-level=\"1\">D\u00e9p\u00f4t : tous les jours ouvrables de 07h30 \u00e0 11h30 puis de 14h30 \u00e0 17h00\u00a0<\/li>\n<li data-leveltext=\"-\" data-font=\"Calibri\" data-listid=\"1\" data-list-defn-props=\"{&quot;335551671&quot;:5,&quot;335552541&quot;:1,&quot;335559685&quot;:720,&quot;335559991&quot;:360,&quot;469769226&quot;:&quot;Calibri&quot;,&quot;469769242&quot;:[8226],&quot;469777803&quot;:&quot;left&quot;,&quot;469777804&quot;:&quot;-&quot;,&quot;469777815&quot;:&quot;hybridMultilevel&quot;}\" aria-setsize=\"-1\" data-aria-posinset=\"5\" data-aria-level=\"1\">Retrait\u202f: Le m\u00eame jour.<\/li>\n<\/ul>\n<p><strong>Frais : 3500 FCFA\u00a0(Quittance 3000 F et timbre 500 F)\u00a0payable \u00e0 la r\u00e9gie des recettes.<\/strong><\/p>\n<p>\t\t\t\t\t\t\t\t\t\t\t\t<a tabindex=\"0\">D\u00e9claration de d\u00e9c\u00e8s<\/a><\/p>\n<p>I am item content. Click edit button to change this text. Lorem ipsum dolor sit amet, consectetur adipiscing elit. Ut elit tellus, luctus nec ullamcorper mattis, pulvinar dapibus leo.<\/p>\n<p>\t\t\t\t\t\t\t\t\t\t\t\t<a tabindex=\"0\">L\u00e9galisation<\/a><\/p>\n<p>I am item content. Click edit button to change this text. Lorem ipsum dolor sit amet, consectetur adipiscing elit. Ut elit tellus, luctus nec ullamcorper mattis, pulvinar dapibus leo.<\/p>\n<p>\t\t\t\t\t\t\t\t\t\t\t\t<a tabindex=\"0\">Transcription<\/a><\/p>\n<p>Il s\u2019agit de la transcription\u00a0du\u00a0jugement suppl\u00e9tif sur les registres de l\u2019\u00e9tat civil de l\u2019ann\u00e9e en cours donnant ainsi droit \u00e0 un acte d\u2019\u00e9tat civil.\u00a0<\/p>\n<p><strong>Pi\u00e8ces \u00e0 fournir:<\/strong><\/p>\n<p>Original du jugement suppl\u00e9tif d\u00e9livr\u00e9 par\u00a0le\u00a0tribunal.<\/p>\n<p>D\u00e9p\u00f4t et retrait :\u00a0<\/p>\n<p>Se fait uniquement \u00e0 l\u2019\u00e9tat civil central de la mairie de Mango\u00a0<\/p>\n<ul>\n<li data-leveltext=\"-\" data-font=\"Calibri\" data-listid=\"1\" data-list-defn-props=\"{&quot;335551671&quot;:5,&quot;335552541&quot;:1,&quot;335559685&quot;:720,&quot;335559991&quot;:360,&quot;469769226&quot;:&quot;Calibri&quot;,&quot;469769242&quot;:[8226],&quot;469777803&quot;:&quot;left&quot;,&quot;469777804&quot;:&quot;-&quot;,&quot;469777815&quot;:&quot;hybridMultilevel&quot;}\" aria-setsize=\"-1\" data-aria-posinset=\"5\" data-aria-level=\"1\">D\u00e9p\u00f4t : tous les jours ouvrables de 07h30 \u00e0 11h30 puis de 14h30 \u00e0 17h00\u00a0<\/li>\n<li data-leveltext=\"-\" data-font=\"Calibri\" data-listid=\"1\" data-list-defn-props=\"{&quot;335551671&quot;:5,&quot;335552541&quot;:1,&quot;335559685&quot;:720,&quot;335559991&quot;:360,&quot;469769226&quot;:&quot;Calibri&quot;,&quot;469769242&quot;:[8226],&quot;469777803&quot;:&quot;left&quot;,&quot;469777804&quot;:&quot;-&quot;,&quot;469777815&quot;:&quot;hybridMultilevel&quot;}\" aria-setsize=\"-1\" data-aria-posinset=\"5\" data-aria-level=\"1\">Retrait\u202f: 7 jours ouvr\u00e9s apr\u00e8s le d\u00e9p\u00f4t\u00a0<\/li>\n<\/ul>\n<p><strong>Frais :\u00a04000 FCFA payable \u00e0 la r\u00e9gie des recettes de la maire.<\/strong><\/p>\n<p>\t\t\t\t\t\t\t\t\t\t\t\t<a tabindex=\"0\">Duplication de document<\/a><\/p>\n<p>I am item content. Click edit button to change this text. Lorem ipsum dolor sit amet, consectetur adipiscing elit. Ut elit tellus, luctus nec ullamcorper mattis, pulvinar dapibus leo.<\/p>\n<p>\t\t\t\t\t\t\t\t\t\t\t\t<a tabindex=\"0\">Mention<\/a><\/p>\n<p>I am item content. Click edit button to change this text. Lorem ipsum dolor sit amet, consectetur adipiscing elit. Ut elit tellus, luctus nec ullamcorper mattis, pulvinar dapibus leo.<\/p>\n<h3>\n<h4 style=\"border: 0px;line-height: 33px;font-weight: 600;font-size: 26px;font-family: Jost;text-align: center\">Demande d\u2019acte de naissance<\/h4>\n<\/h3>\n<p>\t\t\t\t\t\t\t\t\t\t\t\t\t\t\t<img fetchpriority=\"high\" decoding=\"async\" width=\"843\" height=\"564\" src=\"https:\/\/www.communeoti1.org\/wp-content\/uploads\/2026\/02\/odwarific-mother-434355_1920.jpg\" alt=\"\" \/>\t\t\t\t\t\t\t\t\t\t\t\t\t\t\t<\/p>\n<p><strong>Pi\u00e8ces \u00e0 fournir\u00a0:<\/strong><\/p>\n<ul>\n<li>Attestation de naissance d\u00e9livr\u00e9e par le service de la maternit\u00e9<\/li>\n<li>Acte de naissance du p\u00e8re\u00a0<strong><em>ou<\/em><\/strong>\u00a0d\u2019un de ses enfants\u00a0<strong><em>ou<\/em><\/strong>\u00a0carnet de consultation pr\u00e9natale<\/li>\n<li>Formulaire de d\u00e9claration de naissance renseign\u00e9\u00a0(\u00e0 obtenir \u00e0 l\u2019\u00e9tat civil\u00a0ou \u00e0 t\u00e9l\u00e9charger sur le site)<\/li>\n<\/ul>\n<p><strong>D\u00e9p\u00f4t\u00a0:<\/strong><br \/><strong>Tous les jours ouvrables de 07h 30 \u00e0 11h 30 puis de 14h 30 \u00e0 17h 00 \u00e0 la mairie de Gando<\/strong><\/p>\n<p><strong>Retrait\u00a0:<\/strong>\u00a07 jours ouvr\u00e9s apr\u00e8s le d\u00e9p\u00f4t<\/p>\n<p><strong>Timbre<\/strong>\u00a0:<strong>\u00a00 f CFA (Gratuit).<\/strong><\/p>\n<p><em><strong>Au niveau des \u00e9tats civils annexes\u00a0<\/strong><\/em><\/p>\n<p><em><strong>D\u00e9p\u00f4t :<\/strong>\u00a0tous les jours ouvrables de 07h30 \u00e0 11h30 puis de 14h30 \u00e0 17h00\u00a0\u00a0<\/em><\/p>\n<p><em><strong>Retrait\u202f:<\/strong>\u00a030 jours apr\u00e8s le d\u00e9p\u00f4t.<\/em><\/p>\n<p>\t\t\t\t\t<a href=\"#\" target=\"_blank\"><br \/>\n\t\t\t\t\t\t\t\t\tT\u00e9l\u00e9chargez le formulaire de d\u00e9claration de naissance en cliquant sur le bouton<br \/>\n\t\t\t\t\t<\/a><\/p>\n<h3>\n<h4 style=\"border: 0px;line-height: 33px;font-weight: 600;font-size: 26px;font-family: Jost;text-align: center\">C\u00e9l\u00e9bration de mariage<\/h4>\n<\/h3>\n<p>\t\t\t\t\t\t\t\t\t\t\t\t\t\t\t<img decoding=\"async\" width=\"843\" height=\"527\" src=\"https:\/\/www.communeoti1.org\/wp-content\/uploads\/2026\/02\/qimono-wedding-rings-3611277_1920.jpg\" alt=\"\" \/>\t\t\t\t\t\t\t\t\t\t\t\t\t\t\t<\/p>\n<p><strong>Pi\u00e8ces \u00e0 fournir\u00a0:<\/strong><\/p>\n<ul>\n<li data-leveltext=\"-\" data-font=\"Calibri\" data-listid=\"1\" data-list-defn-props=\"{&quot;335551671&quot;:5,&quot;335552541&quot;:1,&quot;335559685&quot;:720,&quot;335559991&quot;:360,&quot;469769226&quot;:&quot;Calibri&quot;,&quot;469769242&quot;:[8226],&quot;469777803&quot;:&quot;left&quot;,&quot;469777804&quot;:&quot;-&quot;,&quot;469777815&quot;:&quot;hybridMultilevel&quot;}\" aria-setsize=\"-1\" data-aria-posinset=\"5\" data-aria-level=\"1\">Photocopie l\u00e9galis\u00e9e des actes de naissance des deux futurs \u00e9poux\u00a0\u00a0<\/li>\n<li data-leveltext=\"-\" data-font=\"Calibri\" data-listid=\"1\" data-list-defn-props=\"{&quot;335551671&quot;:5,&quot;335552541&quot;:1,&quot;335559685&quot;:720,&quot;335559991&quot;:360,&quot;469769226&quot;:&quot;Calibri&quot;,&quot;469769242&quot;:[8226],&quot;469777803&quot;:&quot;left&quot;,&quot;469777804&quot;:&quot;-&quot;,&quot;469777815&quot;:&quot;hybridMultilevel&quot;}\" aria-setsize=\"-1\" data-aria-posinset=\"5\" data-aria-level=\"1\">Photocopie simple des pi\u00e8ces d\u2019identit\u00e9 des deux futurs \u00e9poux\u00a0<\/li>\n<li data-leveltext=\"-\" data-font=\"Calibri\" data-listid=\"1\" data-list-defn-props=\"{&quot;335551671&quot;:5,&quot;335552541&quot;:1,&quot;335559685&quot;:720,&quot;335559991&quot;:360,&quot;469769226&quot;:&quot;Calibri&quot;,&quot;469769242&quot;:[8226],&quot;469777803&quot;:&quot;left&quot;,&quot;469777804&quot;:&quot;-&quot;,&quot;469777815&quot;:&quot;hybridMultilevel&quot;}\" aria-setsize=\"-1\" data-aria-posinset=\"5\" data-aria-level=\"1\">\u00a0Photocopie simple des cartes d\u2019identit\u00e9 des deux t\u00e9moins\u00a0<\/li>\n<li data-leveltext=\"-\" data-font=\"Calibri\" data-listid=\"1\" data-list-defn-props=\"{&quot;335551671&quot;:5,&quot;335552541&quot;:1,&quot;335559685&quot;:720,&quot;335559991&quot;:360,&quot;469769226&quot;:&quot;Calibri&quot;,&quot;469769242&quot;:[8226],&quot;469777803&quot;:&quot;left&quot;,&quot;469777804&quot;:&quot;-&quot;,&quot;469777815&quot;:&quot;hybridMultilevel&quot;}\" aria-setsize=\"-1\" data-aria-posinset=\"5\" data-aria-level=\"1\">Attestation de dot d\u00e9livr\u00e9e par la belle famille\u00a0<\/li>\n<li data-leveltext=\"-\" data-font=\"Calibri\" data-listid=\"1\" data-list-defn-props=\"{&quot;335551671&quot;:5,&quot;335552541&quot;:1,&quot;335559685&quot;:720,&quot;335559991&quot;:360,&quot;469769226&quot;:&quot;Calibri&quot;,&quot;469769242&quot;:[8226],&quot;469777803&quot;:&quot;left&quot;,&quot;469777804&quot;:&quot;-&quot;,&quot;469777815&quot;:&quot;hybridMultilevel&quot;}\" aria-setsize=\"-1\" data-aria-posinset=\"5\" data-aria-level=\"1\">Certificat de non-opposition (pour les \u00e9trangers)\u00a0\u00a0<\/li>\n<li data-leveltext=\"-\" data-font=\"Calibri\" data-listid=\"1\" data-list-defn-props=\"{&quot;335551671&quot;:5,&quot;335552541&quot;:1,&quot;335559685&quot;:720,&quot;335559991&quot;:360,&quot;469769226&quot;:&quot;Calibri&quot;,&quot;469769242&quot;:[8226],&quot;469777803&quot;:&quot;left&quot;,&quot;469777804&quot;:&quot;-&quot;,&quot;469777815&quot;:&quot;hybridMultilevel&quot;}\" aria-setsize=\"-1\" data-aria-posinset=\"5\" data-aria-level=\"1\">Certificat de c\u00e9libat \u00e0 faire \u00e0 la mairie de la commune de naissance des deux futurs \u00e9poux\u00a0<\/li>\n<li data-leveltext=\"-\" data-font=\"Calibri\" data-listid=\"1\" data-list-defn-props=\"{&quot;335551671&quot;:5,&quot;335552541&quot;:1,&quot;335559685&quot;:720,&quot;335559991&quot;:360,&quot;469769226&quot;:&quot;Calibri&quot;,&quot;469769242&quot;:[8226],&quot;469777803&quot;:&quot;left&quot;,&quot;469777804&quot;:&quot;-&quot;,&quot;469777815&quot;:&quot;hybridMultilevel&quot;}\" aria-setsize=\"-1\" data-aria-posinset=\"5\" data-aria-level=\"1\">Joindre la photocopie l\u00e9galis\u00e9e du certificat du premier mariage (en cas du second mariage)\u00a0<\/li>\n<li data-leveltext=\"-\" data-font=\"Calibri\" data-listid=\"1\" data-list-defn-props=\"{&quot;335551671&quot;:5,&quot;335552541&quot;:1,&quot;335559685&quot;:720,&quot;335559991&quot;:360,&quot;469769226&quot;:&quot;Calibri&quot;,&quot;469769242&quot;:[8226],&quot;469777803&quot;:&quot;left&quot;,&quot;469777804&quot;:&quot;-&quot;,&quot;469777815&quot;:&quot;hybridMultilevel&quot;}\" aria-setsize=\"-1\" data-aria-posinset=\"5\" data-aria-level=\"1\">Pour les agents des Forces Arm\u00e9es Togolaises, une autorisation de mariage d\u00e9livr\u00e9e par le chef d\u2019Etat-Major G\u00e9n\u00e9ral des Forces Arm\u00e9es Togolaises\u00a0<\/li>\n<li data-leveltext=\"-\" data-font=\"Calibri\" data-listid=\"1\" data-list-defn-props=\"{&quot;335551671&quot;:5,&quot;335552541&quot;:1,&quot;335559685&quot;:720,&quot;335559991&quot;:360,&quot;469769226&quot;:&quot;Calibri&quot;,&quot;469769242&quot;:[8226],&quot;469777803&quot;:&quot;left&quot;,&quot;469777804&quot;:&quot;-&quot;,&quot;469777815&quot;:&quot;hybridMultilevel&quot;}\" aria-setsize=\"-1\" data-aria-posinset=\"5\" data-aria-level=\"1\">Pour les mineurs de moins de 18 ans\u202f: une autorisation d\u00e9livr\u00e9e par le Pr\u00e9sident du Tribunal ou le juge aux Affaires Matrimoniales du lieu de la c\u00e9l\u00e9bration du mariage\u00a0<\/li>\n<li data-leveltext=\"-\" data-font=\"Calibri\" data-listid=\"1\" data-list-defn-props=\"{&quot;335551671&quot;:5,&quot;335552541&quot;:1,&quot;335559685&quot;:720,&quot;335559991&quot;:360,&quot;469769226&quot;:&quot;Calibri&quot;,&quot;469769242&quot;:[8226],&quot;469777803&quot;:&quot;left&quot;,&quot;469777804&quot;:&quot;-&quot;,&quot;469777815&quot;:&quot;hybridMultilevel&quot;}\" aria-setsize=\"-1\" data-aria-posinset=\"5\" data-aria-level=\"1\">Formulaire de d\u00e9claration de mariage \u00e0 retirer et \u00e0 renseigner \u00e0 la mairie ou \u00e0 t\u00e9l\u00e9charger sur le site\u00a0<\/li>\n<\/ul>\n<p><strong>D\u00e9p\u00f4t et Retrait:<\/strong><\/p>\n<p>se fait uniquement \u00e0 l\u2019\u00e9tat civil central de la mairie de Gando\u00a0<\/p>\n<ul>\n<li data-leveltext=\"-\" data-font=\"Calibri\" data-listid=\"1\" data-list-defn-props=\"{&quot;335551671&quot;:5,&quot;335552541&quot;:1,&quot;335559685&quot;:720,&quot;335559991&quot;:360,&quot;469769226&quot;:&quot;Calibri&quot;,&quot;469769242&quot;:[8226],&quot;469777803&quot;:&quot;left&quot;,&quot;469777804&quot;:&quot;-&quot;,&quot;469777815&quot;:&quot;hybridMultilevel&quot;}\" aria-setsize=\"-1\" data-aria-posinset=\"5\" data-aria-level=\"1\">D\u00e9p\u00f4t : jours ouvrables de 07h30 \u00e0 11h30 puis de 14h30 \u00e0 17h00\u00a0<\/li>\n<li data-leveltext=\"-\" data-font=\"Calibri\" data-listid=\"1\" data-list-defn-props=\"{&quot;335551671&quot;:5,&quot;335552541&quot;:1,&quot;335559685&quot;:720,&quot;335559991&quot;:360,&quot;469769226&quot;:&quot;Calibri&quot;,&quot;469769242&quot;:[8226],&quot;469777803&quot;:&quot;left&quot;,&quot;469777804&quot;:&quot;-&quot;,&quot;469777815&quot;:&quot;hybridMultilevel&quot;}\" aria-setsize=\"-1\" data-aria-posinset=\"5\" data-aria-level=\"1\">C\u00e9l\u00e9bration\u202f: Apr\u00e8s 30 jours de publication de bans\u202f\u00a0<\/li>\n<li data-leveltext=\"-\" data-font=\"Calibri\" data-listid=\"1\" data-list-defn-props=\"{&quot;335551671&quot;:5,&quot;335552541&quot;:1,&quot;335559685&quot;:720,&quot;335559991&quot;:360,&quot;469769226&quot;:&quot;Calibri&quot;,&quot;469769242&quot;:[8226],&quot;469777803&quot;:&quot;left&quot;,&quot;469777804&quot;:&quot;-&quot;,&quot;469777815&quot;:&quot;hybridMultilevel&quot;}\" aria-setsize=\"-1\" data-aria-posinset=\"5\" data-aria-level=\"1\">Retrait\u202fde l\u2019acte : juste apr\u00e8s la c\u00e9l\u00e9bration du mariage\u00a0<\/li>\n<\/ul>\n<p><strong>Frais :<\/strong><\/p>\n<ol>\n<li><strong>Pour les c\u00e9l\u00e9brations les jours ouvrables\u202f: 15 000 FCFA\u00a0<\/strong><\/li>\n<li><strong>Pour les c\u00e9l\u00e9brations les jours f\u00e9ri\u00e9s et week-end\u202f: 25 000 FCFA\u00a0<\/strong><\/li>\n<\/ol>\n<p><strong>Payable \u00e0 la r\u00e9gie des recettes contre une quittance.<\/strong><\/p>\n<p>\t\t\t\t\t<a href=\"#\"><br \/>\n\t\t\t\t\t\t\t\t\tT\u00e9l\u00e9chargez le formulaire de d\u00e9claration de naissance en cliquant sur le bouton<br \/>\n\t\t\t\t\t<\/a><\/p>\n","protected":false},"excerpt":{"rendered":"<p>D\u00e9couvrez les d\u00e9marches simples pour acc\u00e9der \u00e0 une gamme diversifi\u00e9e de services offerts par la mairie Copie int\u00e9grale de l\u2019acte de naissance Il s\u2019agit de&hellip;<\/p>\n","protected":false},"author":2,"featured_media":829,"parent":0,"menu_order":0,"comment_status":"closed","ping_status":"closed","template":"","meta":{"footnotes":""},"class_list":["post-316","page","type-page","status-publish","has-post-thumbnail","hentry"],"_links":{"self":[{"href":"https:\/\/www.communeoti1.org\/index.php\/wp-json\/wp\/v2\/pages\/316","targetHints":{"allow":["GET"]}}],"collection":[{"href":"https:\/\/www.communeoti1.org\/index.php\/wp-json\/wp\/v2\/pages"}],"about":[{"href":"https:\/\/www.communeoti1.org\/index.php\/wp-json\/wp\/v2\/types\/page"}],"author":[{"embeddable":true,"href":"https:\/\/www.communeoti1.org\/index.php\/wp-json\/wp\/v2\/users\/2"}],"replies":[{"embeddable":true,"href":"https:\/\/www.communeoti1.org\/index.php\/wp-json\/wp\/v2\/comments?post=316"}],"version-history":[{"count":24,"href":"https:\/\/www.communeoti1.org\/index.php\/wp-json\/wp\/v2\/pages\/316\/revisions"}],"predecessor-version":[{"id":962,"href":"https:\/\/www.communeoti1.org\/index.php\/wp-json\/wp\/v2\/pages\/316\/revisions\/962"}],"wp:featuredmedia":[{"embeddable":true,"href":"https:\/\/www.communeoti1.org\/index.php\/wp-json\/wp\/v2\/media\/829"}],"wp:attachment":[{"href":"https:\/\/www.communeoti1.org\/index.php\/wp-json\/wp\/v2\/media?parent=316"}],"curies":[{"name":"wp","href":"https:\/\/api.w.org\/{rel}","templated":true}]}}